actors of 0 + r - ((-9 - -4) + 4)?
2, 127
Suppose 8 = 3*c - 4*u, 62*c - 3*u - 31 = 66*c. Let l = -59 + 113. Let m = l + c. What are the prime factors of m?
2, 5
Suppose 3*l + 3*u + 1943 = 5*l, -u = -l + 974. Let g = l - 219. What are the prime factors of g?
2, 5, 19
Let z(y) = -2*y - 2. Let a be z(-3). Suppose -a*n - 3*h = -0*n + 309, n + 101 = 4*h. List the prime factors of (n + -4)*(-2 - 0).
2, 5, 17
Let y(o) = -109*o**3 + 142*o**2 - 3*o + 28. What are the prime factors of y(-7)?
2, 3, 7, 151
Let f(o) = o + 5. Let s be f(11). Suppose 10 = -5*q, 0*k + 3*q + s = 5*k. List the prime factors of ((-55)/k - (-2 - -4))*-2.
59
Let y = 120 + -118. Suppose -3*q + y*s = -558, 3*s = 3*q - 0*s - 558. What are the prime factors of q?
2, 3, 31
Suppose 0 = 8*w - 204959 - 232705. What are the prime factors of w?
2, 3, 47, 97
Suppose 4*z = k - 25, -3*k - 1 = 4*z + 4. Let d be 16/(-4) + k/(5/4). Suppose -11*u + 13*u - 442 = d. List the prime factors of u.
13, 17
Let b = 16394 - 14254. List the prime factors of b.
2, 5, 107
Let t(l) be the second derivative of l**4/6 - 8*l**3/3 + 51*l**2/2 + 10*l - 3. What are the prime factors of t(16)?
307
Suppose -n - 5609 = -28259. What are the prime factors of n?
2, 3, 5, 151
Suppose -2*j = 2*v - 89240, 125*j = -2*v + 126*j + 89234. List the prime factors of v.
2, 7, 3187
Let s(w) = 22*w**2 + 165*w - 37. List the prime factors of s(-23).
2, 3, 1301
Let c(p) = 17*p**3 - 12*p**2 + 25*p - 16. List the prime factors of c(5).
2, 967
Suppose 4*m + 3*c - 4*c + 267 = 0, 20 = -4*c. Let f be m/(-10) - ((-14)/10)/7. Suppose 132 = f*h - 6*h. What are the prime factors of h?
2, 3, 11
Let k = -2458 + 2463. Let n = 16 - 10. Suppose n*r - 85 = k*r. List the prime factors of r.
5, 17
Suppose 347994 = -6*j + 25*j - 698298. What are the prime factors of j?
2, 3, 13, 353
Let w(g) = g**2 + g - 12. Let m be w(-4). Suppose 0*q + 5*q - 90 = -5*u, -3*q + 4*u + 40 = m. List the prime factors of q/((1 - 4) + (-16)/(-5)).
2, 5
Let n be (1 - (3 + -4))/((-4)/(-10)). Suppose n*f - 4672 = -4*r + 3*r, 1862 = 2*f - 3*r. List the prime factors of f.
2, 467
Suppose -3*d = -3*x - 75, -x - 2*d - 29 = 11. What are the prime factors of 361 - ((-1)/5 - 156/x)?
2, 89
What are the prime factors of (-6807008)/(-520)*(-15)/(-12)?
16363
Let m = 330 + -322. List the prime factors of 363005/316 - (0 - (-6)/m).
2, 7, 41
Let d = 20349 - 12947. What are the prime factors of d?
2, 3701
Let w(a) = -209*a + 13. Let d(t) = -208*t + 14. Let i(f) = 4*d(f) - 3*w(f). Let b be i(-7). Suppose -12 = 9*j - b. What are the prime factors of j?
2, 5
List the prime factors of 2/4 + (-279851)/(-38).
3, 5, 491
Suppose 15*j - 19*j + 20 = 0. Suppose -j*u - 3*y - 2*y = -20, -4*u + y - 4 = 0. Suppose -12*q + 4*q + 1224 = u. What are the prime factors of q?
3, 17
Let i(f) = -f**2 + 10*f + 42. Let u be i(13). Let o be (7/((-84)/16))/((-4)/u). List the prime factors of (-6 - (-14)/o)*(-33)/(-2).
2, 3, 11
Let u = 1442 - 566. Suppose 3*o - 5*y - 1219 = 0, -u + 62 = -2*o + 4*y. List the prime factors of o.
13, 31
Let f be 3 - -1 - (-4)/(-2). Suppose -2*m + 9 = 3*m + f*t, t = -3. What are the prime factors of (-1 - m) + 3*14?
2, 19
Suppose 0 = 33*u - 22*u + 109*u - 2254920. List the prime factors of u.
19, 23, 43
Let a = -39 - -27. Let q(o) = -13*o**2 + 14*o**2 + 2*o + 8*o - 4. What are the prime factors of q(a)?
2, 5
Suppose -4804 = 2*p - 6*p. Suppose -2*s = 3*c - 890, -4*c - 2*s + p = 15. What are the prime factors of c?
2, 37
Let g(k) = -7 + 9 + 57*k + 0*k**3 + 9 - k**3 - 17*k**2. What are the prime factors of g(-20)?
71
Suppose 12381 = 3*h + 2*q, 0 = -37*h + 34*h + 5*q + 12402. List the prime factors of h.
4129
Suppose 0 = -5*o - a - 1785, 239 + 118 = -o - 3*a. Let d = -8 - o. List the prime factors of d.
349
Let p = 43 - 44. Let w be (-2)/(5/(-10) - p). List the prime factors of 114 - 0/w - (0 + 3).
3, 37
Suppose -70 = s + 69. Let r = 222 + -474. Let h = s - r. List the prime factors of h.
113
Let y be ((-1 - (4 + -4)) + -2)*1. List the prime factors of 365 + (-5 - y - 2).
19
Let l(m) = 5*m**2 - 35*m - 5. Let n be l(7). List the prime factors of ((-1570)/n - 3) + -6.
5, 61
List the prime factors of (2583/14)/(-9)*(-7)/((-14)/(-636)).
3, 41, 53
List the prime factors of (-82)/(-3)*2064/(22 + -6).
2, 41, 43
Let h be (12/18)/(2/6). Suppose -b - v = -49, 0 = -0*b + h*b - 4*v - 74. List the prime factors of b.
3, 5
Let n = -58604 + 84854. List the prime factors of n.
2, 3, 5, 7
Suppose -5*o - 15 = 3*b, -15*o + 20 = -11*o - 4*b. List the prime factors of (o - (-5)/(-15)) + (-890)/(-15).
59
Let b(n) = -15*n + 29 - 42 + 17 + 25 + 20. What are the prime factors of b(-27)?
2, 227
Let a be 12*6/12*(-1)/(-2). Suppose -a*i - 6*i + 144 = 0. List the prime factors of i.
2
Suppose -56395 + 6549 = -14*w + 12776. What are the prime factors of w?
3, 7, 71
Let v(w) = 833*w + 656. What are the prime factors of v(3)?
5, 631
Let r(s) = -s**2 + 11*s - 9. Let b(o) = 3*o + 38. Let h be b(-9). Let v be r(h). Let t(a) = -18*a + 2. What are the prime factors of t(v)?
2, 41
Let k = -229 - -222. What are the prime factors of k - 226/(-4) - 2/4?
7
Suppose -79*y + 77*y + 40 = 0. Let n(a) = 17*a + 2. List the prime factors of n(y).
2, 3, 19
Let g(d) = 89*d + 94. What are the prime factors of g(28)?
2, 3, 431
Let y(j) = -36*j + 22. Let p(h) = -35*h + 21. Let l(a) = 6*p(a) - 5*y(a). What are the prime factors of l(-8)?
2
Let x be ((-2)/(-1))/4 + (-62)/4. Let c(b) = b**3 + 17*b**2 + 28*b - 20. Let p be c(x). Suppose -13*v + 345 = -p*v. List the prime factors of v.
5, 23
What are the prime factors of ((-1)/(15/1340))/((-24)/11034)?
67, 613
Suppose -a - 2*a + 2236 = -2*k, -3*k - 3728 = -5*a. Let d = a - 225. List the prime factors of d.
523
What are the prime factors of (-3)/(-10) + 4370751/330?
3, 5, 883
Let u be 16/24 + 219/9. Suppose 5*p - u = 0, 0 = 3*i + p + 3*p - 38. Suppose -2*z = -5*m + 85, 2*z - 68 = -4*m + i*z. What are the prime factors of m?
17
Suppose 2*w - f - 25338 = 0, -94*w + 4*f - 12687 = -95*w. What are the prime factors of w?
12671
Suppose -875*r = -896*r + 58653. What are the prime factors of r?
3, 7, 19
Suppose 127*l = 215380 - 42159 + 226067. What are the prime factors of l?
2, 3, 131
Let f = 13991 - 11098. List the prime factors of f.
11, 263
Let t = 299 + -294. Suppose 12 = -4*u, t*g - 2*u + 250 = 1336. List the prime factors of g.
2, 3
Let q(m) be the first derivative of m**3 + 8*m**2 + 46*m + 70. List the prime factors of q(-7).
3
Let m = 1852 - 361. List the prime factors of -3 + m/4 + (-32)/(-128).
2, 5, 37
Let q = -102 + 7413. What are the prime factors of q?
3, 2437
Let u(f) = 403*f - 174. Suppose -4*l + 10 = q, l = -2*q + 11 - 12. List the prime factors of u(l).
3, 5, 23
Suppose 365*i = 360*i + 70. Suppose i*w = 15*w - 277. List the prime factors of w.
277
Let n = 1214 - 2310. Let k = n + 1657. List the prime factors of k.
3, 11, 17
Let r be (1 - (-6 + 2))/(4/4). Suppose 6*x = r*x + 334. What are the prime factors of x?
2, 167
Let v(h) = h**3 + 2*h**2 + 12*h + 24. Let i be v(-11). Let r = i - -1795. List the prime factors of r.
2, 13, 23
Suppose -8*h = -234413 - 20683. List the prime factors of h.
3, 1181
Let t = -19 - -14. Let c be (5 - 0)*(-1)/(t/56). Suppose -c*i = -52*i - 428. What are the prime factors of i?
107
Let o = -43 - -118. Suppose -15*h = -0*h - o. What are the prime factors of h - (-36)/(-8) - 574/(-4)?
2, 3
What are the prime factors of ((-22527)/18 - -8)*(-33 - -11)?
3, 11, 829
Let g(n) = -4*n + 6. Let c be g(0). Suppose 2*h + y = 600, -2*h - c*y + 3*y + 596 = 0. What are the prime factors of h?
7, 43
What are the prime factors of 2/(4/14 + (-24)/833056*9908)?
2, 3719
Suppose 24*d + 203732 = -27*d + 542270. What are the prime factors of d?
2, 3319
Let c = -15 - -57. Let r(v) = -53 + c - 3*v + 0*v. List the prime factors of r(-10).
19
Suppose 439*h + 705614 = 465*h. List the prime factors of h.
7, 3877
Let g(q) = q**3 - 9*q**2 - q + 15. Let p be g(9). Suppose p*c = 3*c + 1314. List the prime factors of c.
2, 3, 73
Suppose -1 = 2*i - 9. Suppose 0 = 5*d - 0*d - 2*n + 214, 2*n = -i*d - 182. Let h = 83 - d. List the prime factors of h.
127
Let d be 4/(-24)*-15*(-16)/20. Let a(v) = -61*v**3 - v**2 - 5*v - 7. What are the prime factors of a(d)?
487
Suppose 0 = 2*u - 5*s - 3, -3*u + 4*s - 